{"id":2229,"date":"2020-08-17T16:26:44","date_gmt":"2020-08-17T14:26:44","guid":{"rendered":"https:\/\/www.latelierraphael.fr\/?page_id=2229"},"modified":"2020-12-17T14:38:41","modified_gmt":"2020-12-17T13:38:41","slug":"lieu","status":"publish","type":"page","link":"https:\/\/www.latelierraphael.fr\/index.php\/lieu\/","title":{"rendered":"Lieu"},"content":{"rendered":"\t\t<div data-elementor-type=\"wp-page\" data-elementor-id=\"2229\" class=\"elementor elementor-2229\" data-elementor-settings=\"[]\">\n\t\t\t\t\t\t<div class=\"elementor-inner\">\n\t\t\t\t\t\t\t<div class=\"elementor-section-wrap\">\n\t\t\t\t\t\t\t<section class=\"elementor-section elementor-top-section elementor-element elementor-element-bc36698 elementor-section-boxed elementor-section-height-default elementor-section-height-default\" data-id=\"bc36698\" data-element_type=\"section\">\n\t\t\t\t\t\t<div class=\"elementor-container elementor-column-gap-default\">\n\t\t\t\t\t\t\t<div class=\"elementor-row\">\n\t\t\t\t\t<div class=\"elementor-column elementor-col-50 elementor-top-column elementor-element elementor-element-2e93f5c\" data-id=\"2e93f5c\" data-element_type=\"column\">\n\t\t\t<div class=\"elementor-column-wrap elementor-element-populated\">\n\t\t\t\t\t\t\t<div class=\"elementor-widget-wrap\">\n\t\t\t\t\t\t\t\t<\/div>\n\t\t\t\t\t<\/div>\n\t\t<\/div>\n\t\t\t\t<div class=\"elementor-column elementor-col-50 elementor-top-column elementor-element elementor-element-a556a98\" data-id=\"a556a98\" data-element_type=\"column\">\n\t\t\t<div class=\"elementor-column-wrap elementor-element-populated\">\n\t\t\t\t\t\t\t<div class=\"elementor-widget-wrap\">\n\t\t\t\t\t\t<div class=\"elementor-element elementor-element-524e3cc elementor-widget elementor-widget-heading\" data-id=\"524e3cc\" data-element_type=\"widget\" data-widget_type=\"heading.default\">\n\t\t\t\t<div class=\"elementor-widget-container\">\n\t\t\t<h2 class=\"elementor-heading-title elementor-size-default\">L'ancien Carmel de Moissac<\/h2>\t\t<\/div>\n\t\t\t\t<\/div>\n\t\t\t\t<div class=\"elementor-element elementor-element-c8d1cfc elementor-widget elementor-widget-text-editor\" data-id=\"c8d1cfc\" data-element_type=\"widget\" data-widget_type=\"text-editor.default\">\n\t\t\t\t<div class=\"elementor-widget-container\">\n\t\t\t\t\t<div class=\"elementor-text-editor elementor-clearfix\"><\/div>\n\t\t\t\t<\/div>\n\t\t\t\t<\/div>\n\t\t\t\t<div class=\"elementor-element elementor-element-19e27ab elementor-widget elementor-widget-text-editor\" data-id=\"19e27ab\" data-element_type=\"widget\" data-widget_type=\"text-editor.default\">\n\t\t\t\t<div class=\"elementor-widget-container\">\n\t\t\t\t\t<div class=\"elementor-text-editor elementor-clearfix\"><div data-packed=\"true\"><p>A partir d&rsquo;octobre 2021, l&rsquo;ensemble des modules d&rsquo;enseignement sera dispens\u00e9 \u00e0 <a href=\"https:\/\/www.lanciencarmelmoissac.com\/fr\/\">L&rsquo;ancien Carmel de Moissac<\/a>.<\/p><p>Situ\u00e9 \u00e0 5 minutes \u00e0 pied du quartier historique de la belle ville de Moissac (Tarn-et-Garonne), ce lieu offre un cadre paisible et verdoyant propice \u00e0 l&rsquo;enseignement et la pratique artistique.<\/p><p>Une salle lumineuse de 60 m\u00b2 donnant sur un ancien clo\u00eetre \u00e0 l&rsquo;ambiance m\u00e9ridionale<span style=\"font-family: Montserrat; font-size: 14px; font-style: normal; font-variant-ligatures: normal; font-variant-caps: normal; font-weight: 500;\">\u00a0<\/span>nous est r\u00e9serv\u00e9e ainsi qu&rsquo;un salon comprenant une cuisine. Durant les stages ces espaces sont accessibles 24 h\/24<span style=\"font-size: 14px;\">.<\/span><\/p><p>Le lieu dispose \u00e9galement d&rsquo;un h\u00e9bergement en chambres de 2 \u00e0 7 lits.<\/p><p>Ces conditions d&rsquo;accueil permettent aux stagiaires de concentrer leur attention sur leur formation et de prolonger \u00e0 leur guise leur pratique artistique apr\u00e8s les journ\u00e9es d&rsquo;enseignement<span style=\"font-family: Montserrat;\"><span style=\"font-size: 14px;\">.<\/span><\/span><\/p><\/div><\/div>\n\t\t\t\t<\/div>\n\t\t\t\t<\/div>\n\t\t\t\t<div class=\"elementor-element elementor-element-f3c96e9 elementor-widget elementor-widget-image\" data-id=\"f3c96e9\" data-element_type=\"widget\" data-widget_type=\"image.default\">\n\t\t\t\t<div class=\"elementor-widget-container\">\n\t\t\t\t\t<div class=\"elementor-image\">\n\t\t\t\t\t\t\t\t\t\t<img width=\"300\" height=\"224\" src=\"https:\/\/www.latelierraphael.fr\/wp-content\/uploads\/2020\/08\/vue-de-moissac-depuis-ancien-carmel-300x224.jpg\" class=\"attachment-medium size-medium\" alt=\"\" loading=\"lazy\" srcset=\"https:\/\/www.latelierraphael.fr\/wp-content\/uploads\/2020\/08\/vue-de-moissac-depuis-ancien-carmel-300x224.jpg 300w, https:\/\/www.latelierraphael.fr\/wp-content\/uploads\/2020\/08\/vue-de-moissac-depuis-ancien-carmel.jpg 596w\" sizes=\"(max-width: 300px) 100vw, 300px\" \/>\t\t\t\t\t\t\t\t\t\t\t<\/div>\n\t\t\t\t<\/div>\n\t\t\t\t<\/div>\n\t\t\t\t\t\t<\/div>\n\t\t\t\t\t<\/div>\n\t\t<\/div>\n\t\t\t\t\t\t\t\t<\/div>\n\t\t\t\t\t<\/div>\n\t\t<\/section>\n\t\t\t\t<section class=\"elementor-section elementor-top-section elementor-element elementor-element-437f6fb elementor-section-boxed elementor-section-height-default elementor-section-height-default\" data-id=\"437f6fb\" data-element_type=\"section\">\n\t\t\t\t\t\t<div class=\"elementor-container elementor-column-gap-default\">\n\t\t\t\t\t\t\t<div class=\"elementor-row\">\n\t\t\t\t\t<div class=\"elementor-column elementor-col-100 elementor-top-column elementor-element elementor-element-a837c86\" data-id=\"a837c86\" data-element_type=\"column\">\n\t\t\t<div class=\"elementor-column-wrap elementor-element-populated\">\n\t\t\t\t\t\t\t<div class=\"elementor-widget-wrap\">\n\t\t\t\t\t\t<div class=\"elementor-element elementor-element-d6850f8 elementor-widget elementor-widget-heading\" data-id=\"d6850f8\" data-element_type=\"widget\" data-widget_type=\"heading.default\">\n\t\t\t\t<div class=\"elementor-widget-container\">\n\t\t\t<h2 class=\"elementor-heading-title elementor-size-default\">Moissac, une ville d'art et d'histoire...<\/h2>\t\t<\/div>\n\t\t\t\t<\/div>\n\t\t\t\t<div class=\"elementor-element elementor-element-b82a62d elementor-widget elementor-widget-text-editor\" data-id=\"b82a62d\" data-element_type=\"widget\" data-widget_type=\"text-editor.default\">\n\t\t\t\t<div class=\"elementor-widget-container\">\n\t\t\t\t\t<div class=\"elementor-text-editor elementor-clearfix\"><p>Situ\u00e9e \u00e0\u00a0 \u00e0 50 minutes en train de Toulouse, 2h00 de Bordeaux, 4h00 de Montpellier, 4h30 de Paris, <a href=\"https:\/\/www.tourisme-moissac-terresdesconfluences.fr\">Moissac<\/a> est une ville d&rsquo;art et d&rsquo;histoire. Etape majeure du chemin de Saint Jacques de Compostelle, c&rsquo;est aussi un haut lieu de l\u2019Art Roman en France qui offre des possibilit\u00e9s occasions\u00a0aux stagiaires en formation de se ressourcer, de s&rsquo;\u00e9merveiller et de se d\u00e9payser.<\/p><\/div>\n\t\t\t\t<\/div>\n\t\t\t\t<\/div>\n\t\t\t\t\t\t<\/div>\n\t\t\t\t\t<\/div>\n\t\t<\/div>\n\t\t\t\t\t\t\t\t<\/div>\n\t\t\t\t\t<\/div>\n\t\t<\/section>\n\t\t\t\t<section class=\"elementor-section elementor-top-section elementor-element elementor-element-5214fa7 elementor-section-boxed elementor-section-height-default elementor-section-height-default\" data-id=\"5214fa7\" data-element_type=\"section\">\n\t\t\t\t\t\t<div class=\"elementor-container elementor-column-gap-default\">\n\t\t\t\t\t\t\t<div class=\"elementor-row\">\n\t\t\t\t\t<div class=\"elementor-column elementor-col-33 elementor-top-column elementor-element elementor-element-025c3dd\" data-id=\"025c3dd\" data-element_type=\"column\">\n\t\t\t<div class=\"elementor-column-wrap\">\n\t\t\t\t\t\t\t<div class=\"elementor-widget-wrap\">\n\t\t\t\t\t\t\t\t<\/div>\n\t\t\t\t\t<\/div>\n\t\t<\/div>\n\t\t\t\t<div class=\"elementor-column elementor-col-33 elementor-top-column elementor-element elementor-element-5d26c41\" data-id=\"5d26c41\" data-element_type=\"column\">\n\t\t\t<div class=\"elementor-column-wrap elementor-element-populated\">\n\t\t\t\t\t\t\t<div class=\"elementor-widget-wrap\">\n\t\t\t\t\t\t<div class=\"elementor-element elementor-element-a4d06e5 elementor-widget elementor-widget-image\" data-id=\"a4d06e5\" data-element_type=\"widget\" data-widget_type=\"image.default\">\n\t\t\t\t<div class=\"elementor-widget-container\">\n\t\t\t\t\t<div class=\"elementor-image\">\n\t\t\t\t\t\t\t\t\t\t<img width=\"640\" height=\"426\" src=\"https:\/\/www.latelierraphael.fr\/wp-content\/uploads\/2020\/08\/moissac-lieu-de-formation.jpg\" class=\"attachment-large size-large\" alt=\"\" loading=\"lazy\" srcset=\"https:\/\/www.latelierraphael.fr\/wp-content\/uploads\/2020\/08\/moissac-lieu-de-formation.jpg 640w, https:\/\/www.latelierraphael.fr\/wp-content\/uploads\/2020\/08\/moissac-lieu-de-formation-300x200.jpg 300w\" sizes=\"(max-width: 640px) 100vw, 640px\" \/>\t\t\t\t\t\t\t\t\t\t\t<\/div>\n\t\t\t\t<\/div>\n\t\t\t\t<\/div>\n\t\t\t\t\t\t<\/div>\n\t\t\t\t\t<\/div>\n\t\t<\/div>\n\t\t\t\t<div class=\"elementor-column elementor-col-33 elementor-top-column elementor-element elementor-element-d360af1\" data-id=\"d360af1\" data-element_type=\"column\">\n\t\t\t<div class=\"elementor-column-wrap\">\n\t\t\t\t\t\t\t<div class=\"elementor-widget-wrap\">\n\t\t\t\t\t\t\t\t<\/div>\n\t\t\t\t\t<\/div>\n\t\t<\/div>\n\t\t\t\t\t\t\t\t<\/div>\n\t\t\t\t\t<\/div>\n\t\t<\/section>\n\t\t\t\t<section class=\"elementor-section elementor-top-section elementor-element elementor-element-2ac6928 elementor-section-boxed elementor-section-height-default elementor-section-height-default\" data-id=\"2ac6928\" data-element_type=\"section\">\n\t\t\t\t\t\t<div class=\"elementor-container elementor-column-gap-default\">\n\t\t\t\t\t\t\t<div class=\"elementor-row\">\n\t\t\t\t\t<div class=\"elementor-column elementor-col-100 elementor-top-column elementor-element elementor-element-340e682\" data-id=\"340e682\" data-element_type=\"column\">\n\t\t\t<div class=\"elementor-column-wrap elementor-element-populated\">\n\t\t\t\t\t\t\t<div class=\"elementor-widget-wrap\">\n\t\t\t\t\t\t<div class=\"elementor-element elementor-element-83cc6b3 elementor-widget elementor-widget-spacer\" data-id=\"83cc6b3\" data-element_type=\"widget\" data-widget_type=\"spacer.default\">\n\t\t\t\t<div class=\"elementor-widget-container\">\n\t\t\t\t\t<div class=\"elementor-spacer\">\n\t\t\t<div class=\"elementor-spacer-inner\"><\/div>\n\t\t<\/div>\n\t\t\t\t<\/div>\n\t\t\t\t<\/div>\n\t\t\t\t\t\t<\/div>\n\t\t\t\t\t<\/div>\n\t\t<\/div>\n\t\t\t\t\t\t\t\t<\/div>\n\t\t\t\t\t<\/div>\n\t\t<\/section>\n\t\t\t\t\t\t<\/div>\n\t\t\t\t\t\t<\/div>\n\t\t\t\t\t<\/div>\n\t\t","protected":false},"excerpt":{"rendered":"<p>L&rsquo;ancien Carmel de Moissac A partir d&rsquo;octobre 2021, l&rsquo;ensemble des modules d&rsquo;enseignement sera dispens\u00e9 \u00e0 L&rsquo;ancien Carmel de Moissac. Situ\u00e9 \u00e0 5 minutes \u00e0 pied du quartier historique de la belle ville de Moissac (Tarn-et-Garonne), ce lieu offre un cadre paisible et verdoyant propice \u00e0 l&rsquo;enseignement et la pratique artistique. Une salle lumineuse de 60 [&hellip;]<\/p>\n","protected":false},"author":1,"featured_media":0,"parent":0,"menu_order":0,"comment_status":"closed","ping_status":"closed","template":"","meta":{"_monsterinsights_skip_tracking":false,"_monsterinsights_sitenote_active":false,"_monsterinsights_sitenote_note":"","_monsterinsights_sitenote_category":0},"yoast_head":"<!-- This site is optimized with the Yoast SEO plugin v15.8 - https:\/\/yoast.com\/wordpress\/plugins\/seo\/ -->\n<title>Lieu - L&#039;Atelier Rapha\u00ebl<\/title>\n<meta name=\"robots\" content=\"index, follow, max-snippet:-1, max-image-preview:large, max-video-preview:-1\" \/>\n<link rel=\"canonical\" href=\"https:\/\/www.latelierraphael.fr\/index.php\/lieu\/\" \/>\n<meta property=\"og:locale\" content=\"fr_FR\" \/>\n<meta property=\"og:type\" content=\"article\" \/>\n<meta property=\"og:title\" content=\"Lieu - L&#039;Atelier Rapha\u00ebl\" \/>\n<meta property=\"og:description\" content=\"L&rsquo;ancien Carmel de Moissac A partir d&rsquo;octobre 2021, l&rsquo;ensemble des modules d&rsquo;enseignement sera dispens\u00e9 \u00e0 L&rsquo;ancien Carmel de Moissac. Situ\u00e9 \u00e0 5 minutes \u00e0 pied du quartier historique de la belle ville de Moissac (Tarn-et-Garonne), ce lieu offre un cadre paisible et verdoyant propice \u00e0 l&rsquo;enseignement et la pratique artistique. Une salle lumineuse de 60 [&hellip;]\" \/>\n<meta property=\"og:url\" content=\"https:\/\/www.latelierraphael.fr\/index.php\/lieu\/\" \/>\n<meta property=\"og:site_name\" content=\"L&#039;Atelier Rapha\u00ebl\" \/>\n<meta property=\"article:modified_time\" content=\"2020-12-17T13:38:41+00:00\" \/>\n<meta property=\"og:image\" content=\"https:\/\/www.latelierraphael.fr\/wp-content\/uploads\/2020\/08\/vue-de-moissac-depuis-ancien-carmel-300x224.jpg\" \/>\n<meta name=\"twitter:card\" content=\"summary_large_image\" \/>\n<meta name=\"twitter:label1\" content=\"Dur\u00e9e de lecture est.\">\n\t<meta name=\"twitter:data1\" content=\"1 minute\">\n<script type=\"application\/ld+json\" class=\"yoast-schema-graph\">{\"@context\":\"https:\/\/schema.org\",\"@graph\":[{\"@type\":\"Organization\",\"@id\":\"https:\/\/www.latelierraphael.fr\/#organization\",\"name\":\"L'Atelier Rapha\\u00ebl\",\"url\":\"https:\/\/www.latelierraphael.fr\/\",\"sameAs\":[],\"logo\":{\"@type\":\"ImageObject\",\"@id\":\"https:\/\/www.latelierraphael.fr\/#logo\",\"inLanguage\":\"fr-FR\",\"url\":\"https:\/\/www.latelierraphael.fr\/wp-content\/uploads\/2020\/01\/logo-test-ppt.jpg\",\"width\":1280,\"height\":720,\"caption\":\"L'Atelier Rapha\\u00ebl\"},\"image\":{\"@id\":\"https:\/\/www.latelierraphael.fr\/#logo\"}},{\"@type\":\"WebSite\",\"@id\":\"https:\/\/www.latelierraphael.fr\/#website\",\"url\":\"https:\/\/www.latelierraphael.fr\/\",\"name\":\"L&#039;Atelier Rapha\\u00ebl\",\"description\":\"Formations d&#039;art-th\\u00e9rapie selon la m\\u00e9thode de peinture de Margarethe Hauschka\",\"publisher\":{\"@id\":\"https:\/\/www.latelierraphael.fr\/#organization\"},\"potentialAction\":[{\"@type\":\"SearchAction\",\"target\":\"https:\/\/www.latelierraphael.fr\/?s={search_term_string}\",\"query-input\":\"required name=search_term_string\"}],\"inLanguage\":\"fr-FR\"},{\"@type\":\"ImageObject\",\"@id\":\"https:\/\/www.latelierraphael.fr\/index.php\/lieu\/#primaryimage\",\"inLanguage\":\"fr-FR\",\"url\":\"https:\/\/www.latelierraphael.fr\/wp-content\/uploads\/2020\/08\/vue-de-moissac-depuis-ancien-carmel.jpg\",\"width\":596,\"height\":445},{\"@type\":\"WebPage\",\"@id\":\"https:\/\/www.latelierraphael.fr\/index.php\/lieu\/#webpage\",\"url\":\"https:\/\/www.latelierraphael.fr\/index.php\/lieu\/\",\"name\":\"Lieu - L&#039;Atelier Rapha\\u00ebl\",\"isPartOf\":{\"@id\":\"https:\/\/www.latelierraphael.fr\/#website\"},\"primaryImageOfPage\":{\"@id\":\"https:\/\/www.latelierraphael.fr\/index.php\/lieu\/#primaryimage\"},\"datePublished\":\"2020-08-17T14:26:44+00:00\",\"dateModified\":\"2020-12-17T13:38:41+00:00\",\"breadcrumb\":{\"@id\":\"https:\/\/www.latelierraphael.fr\/index.php\/lieu\/#breadcrumb\"},\"inLanguage\":\"fr-FR\",\"potentialAction\":[{\"@type\":\"ReadAction\",\"target\":[\"https:\/\/www.latelierraphael.fr\/index.php\/lieu\/\"]}]},{\"@type\":\"BreadcrumbList\",\"@id\":\"https:\/\/www.latelierraphael.fr\/index.php\/lieu\/#breadcrumb\",\"itemListElement\":[{\"@type\":\"ListItem\",\"position\":1,\"item\":{\"@type\":\"WebPage\",\"@id\":\"https:\/\/www.latelierraphael.fr\/\",\"url\":\"https:\/\/www.latelierraphael.fr\/\",\"name\":\"Accueil\"}},{\"@type\":\"ListItem\",\"position\":2,\"item\":{\"@type\":\"WebPage\",\"@id\":\"https:\/\/www.latelierraphael.fr\/index.php\/lieu\/\",\"url\":\"https:\/\/www.latelierraphael.fr\/index.php\/lieu\/\",\"name\":\"Lieu\"}}]}]}<\/script>\n<!-- \/ Yoast SEO plugin. -->","_links":{"self":[{"href":"https:\/\/www.latelierraphael.fr\/index.php\/wp-json\/wp\/v2\/pages\/2229"}],"collection":[{"href":"https:\/\/www.latelierraphael.fr\/index.php\/wp-json\/wp\/v2\/pages"}],"about":[{"href":"https:\/\/www.latelierraphael.fr\/index.php\/wp-json\/wp\/v2\/types\/page"}],"author":[{"embeddable":true,"href":"https:\/\/www.latelierraphael.fr\/index.php\/wp-json\/wp\/v2\/users\/1"}],"replies":[{"embeddable":true,"href":"https:\/\/www.latelierraphael.fr\/index.php\/wp-json\/wp\/v2\/comments?post=2229"}],"version-history":[{"count":18,"href":"https:\/\/www.latelierraphael.fr\/index.php\/wp-json\/wp\/v2\/pages\/2229\/revisions"}],"predecessor-version":[{"id":2539,"href":"https:\/\/www.latelierraphael.fr\/index.php\/wp-json\/wp\/v2\/pages\/2229\/revisions\/2539"}],"wp:attachment":[{"href":"https:\/\/www.latelierraphael.fr\/index.php\/wp-json\/wp\/v2\/media?parent=2229"}],"curies":[{"name":"wp","href":"https:\/\/api.w.org\/{rel}","templated":true}]}}